et r(b) = 147*b + 78. Let q(i) = 7*n(i) - 4*r(i). What are the prime factors of q(-8)?
577
Let z(o) = 2*o + 37. Let s be z(-16). Let b = 1208 - 449. Suppose -4*v = s*g - b, g + 0*v - 153 = -2*v. List the prime factors of g.
151
Let v(a) = -a**3 + 31*a**2 - 6*a - 102. Let u = -143 - -173. List the prime factors of v(u).
2, 3, 103
Suppose 0 = -m, -9 = -b - 2*m - m. Suppose 2*a - a + 17 = 5*x, a = 3*x - b. Suppose 3*v - v = a*r - 268, 5*r + v = 425. List the prime factors of r.
2, 43
Suppose 65*a = 75*a - 67160. What are the prime factors of a?
2, 23, 73
List the prime factors of 37103 + -7 + 6 + -6.
2, 4637
Let q = -42 + 214. Suppose 136*k - 132*k - q = 0. What are the prime factors of k?
43
Suppose 99*u - 141*u + 920010 = 0. What are the prime factors of u?
5, 13, 337
Let i(y) = 21*y**2 + 703*y + 4. List the prime factors of i(-53).
2, 10867
Suppose 5*f + l - 3*l = 202, -5*f + 201 = -l. Suppose f = -29*a + 30*a. What are the prime factors of a?
2, 5
Suppose 0 = 529*u - 535*u + 124362. Suppose 25*y - u + 6702 = 0. List the prime factors of y.
3, 11, 17
Suppose 173940 = 77*h - 495036. List the prime factors of h.
2, 3, 181
Suppose 32*m - 5*u = 31*m + 115, 4*m - 380 = 4*u. Let i = m - -140. What are the prime factors of i?
2, 5, 23
Suppose -3*v - 3*r - 15 = 0, -7*v - 2*r - 10 = -10*v. Suppose 5*i - 111 = -v*i + 2*n, n = -4*i + 81. Suppose 215 = -i*u + 26*u. List the prime factors of u.
43
Let u = 125 + -82. Suppose t + 17 = -5*d + u, 4*d - 24 = -t. Let y = t + 124. List the prime factors of y.
2, 5, 7
Let w(m) = -m**2 - 4*m - 12. Let t be w(-6). Let r be 2/14 + t*10/(-35). Suppose -9*j = -r*j - 110. What are the prime factors of j?
5, 11
What are the prime factors of (8/5)/((-4)/20) - -6329?
3, 7, 43
Suppose -73 + 48 = -5*v. Suppose 84 = 8*j - v*j. Let o = 39 - j. List the prime factors of o.
11
Let r = 215 + -208. Suppose 9*a - 450 = r*a. What are the prime factors of a?
3, 5
What are the prime factors of -13 + 7 - (2 + -1)/(3/(-23997))?
7993
Suppose -3*z + y = -24730 - 24802, 4*z - 2*y = 66046. List the prime factors of z.
3, 5503
Let q(v) = -v**3 + 23*v**2 + 115*v + 16. What are the prime factors of q(-15)?
6841
Let i(f) = -f**2 + 22*f - 8. Let z(k) = -k**3 + k**2 + 6. Let x be z(0). Let c be 30/x + (4 - 2). List the prime factors of i(c).
97
What are the prime factors of (133/38)/(-10 + 7 + (-295)/(-98))?
7
Let q be (-2 - (-33)/9)/((-9)/(-108)). What are the prime factors of 1/(-5) + 4304/q?
5, 43
Let t(w) = 115*w**2 - 42*w + 310. What are the prime factors of t(-28)?
2, 45823
Let c(m) = -2*m**3 + 6*m**2 + 25*m - 7. Let q be c(-5). List the prime factors of (-2 - q/(-5))/(2/20).
2, 3, 43
Let l be 132/(-44)*(-1)/(-3)*(290 + 3). Suppose -6*b + 4*b + 2*j = 924, -j - 930 = 2*b. Let h = l - b. List the prime factors of h.
3, 19
Let t = -712 + 1150. Suppose 669 = 439*k - t*k. What are the prime factors of k?
3, 223
Let v(o) be the second derivative of -91*o**3/6 - 30*o**2 + 73*o. List the prime factors of v(-3).
3, 71
Let v(z) = 2*z**3 + 181*z**2 + 132*z - 126. List the prime factors of v(-87).
3, 4597
Suppose -3*r - 4 + 2 = -4*x, -4*r - 4 = -4*x. Let l = 1505 + -1495. Let c = l - x. List the prime factors of c.
11
Let k(f) = -37*f - 58 + 51 + f**2 + 110 - 30 + 108. What are the prime factors of k(42)?
17, 23
Let g(t) = -589*t - 1886. What are the prime factors of g(-17)?
3, 7, 43
Let n(f) = f**2 - 11*f - 95. Suppose -c = 2*g - 39, -36 = -4*g + 2*g + 2*c. List the prime factors of n(g).
3, 19
Suppose c - 72472 = -4*g - 1623, 3*g = -c + 53137. List the prime factors of g.
2, 3, 41
Suppose -3*v - 3*c = -40653, -3 = -c + 2. What are the prime factors of v?
2, 13, 521
Let b = -107 - -109. Suppose 0*u + 133 = 3*a - b*u, -a + 50 = 5*u. Let i = a - 21. List the prime factors of i.
2, 3
Suppose 14*b = 8 + 20. What are the prime factors of (-52206)/(-99) + 1*b/(-6)?
17, 31
Suppose 0 = -132*p + 35*p + 2457213 + 961358. List the prime factors of p.
13, 2711
Let r(g) = -3*g + 129. Let m be r(17). Suppose 4*s - 201 = -3*u + m, 273 = 4*s - 3*u. List the prime factors of s.
3, 23
Let l = -82 + 95. Suppose 3094 = -l*d + 8814. What are the prime factors of d?
2, 5, 11
Let w(t) = -t - 1. Let o(g) = -35*g - 63. Let j(n) = -o(n) + 42*w(n). Let d be j(3). What are the prime factors of ((-6)/(-9) - d)*792/4?
2, 3, 11
Suppose 3*q = 2*q - 4. Suppose 2*g - 113 = 5. Let u = g + q. What are the prime factors of u?
5, 11
Let y(j) be the second derivative of j**4/12 - j**3/3 + 5*j**2/2 + 12*j. Let z be y(4). Suppose -s - z = -21. What are the prime factors of s?
2
Let o(p) = p. Let w(t) = 2*t - 12. Let f(b) = -o(b) + w(b). Let m(z) = 13. Let k(u) = 3*f(u) + 2*m(u). List the prime factors of k(13).
29
Suppose w - 2 = 5*o + 74, 3*o = -4*w - 64. Let g = o - -20. List the prime factors of ((-14)/g - 0)/((-3)/210).
5, 7
Let p be 186/279*1374/4. Suppose -p - 1011 = -8*r. List the prime factors of r.
5, 31
Suppose 0 = -10*n - 0*n - 10. What are the prime factors of -7 + 10 - (n - 340)?
2, 43
Suppose -41*w + 192 = -29*w. List the prime factors of 109 - (w/(-3) - (-4)/12).
2, 3, 19
Suppose 1173*k - 38593 = 1162*k + 3438. List the prime factors of k.
3821
Let x(w) = w. Let b(a) be the second derivative of -a**3/6 - 21*a**2/2 + 24*a. Let r(c) = -b(c) - 2*x(c). What are the prime factors of r(-12)?
3, 11
Let k(q) = -17*q + 0 + 10 + 16*q. Let a be k(10). Let h(y) = -y**3 + y**2 - y + 17. List the prime factors of h(a).
17
Let f(i) = i**3 - 8*i**2 - 19*i - 14. Let w(o) = -7*o - 31. Let u be w(-6). What are the prime factors of f(u)?
2, 5, 7
Suppose 43*n = 106*n - 221449 - 865490. List the prime factors of n.
3, 71
List the prime factors of ((-59930)/11)/(-1) + (-56)/308.
2, 3, 227
What are the prime factors of 12 - (-5 + -20153 + -17 + 12)?
3, 5, 269
Suppose c - 4*z = 20039, 5*c + 95*z - 100144 = 98*z. List the prime factors of c.
7, 2861
Let l be (-1)/((2/(-2) - -2)/(-4)). Let s be (-1 + 1)/(l/1). Suppose s = 6*a - 4*a - 322. List the prime factors of a.
7, 23
Let o(z) = -5*z - 11. Let s = -1 - 2. Let f be o(s). Suppose -f*d - 3 = v + 3, 0 = -d - 3. What are the prime factors of v?
2, 3
Suppose -936 = t + 5*m, 0*t - m = -3*t - 2888. Let s = -648 - t. What are the prime factors of s?
313
Suppose -15*f + 9 = -21. What are the prime factors of (153*14/(-42))/(f/(-38))?
3, 17, 19
Suppose -2*w + z = -w - 10084, w - 3*z = 10098. List the prime factors of w.
3, 3359
Let b be -5 - 0 - (-9)/3. List the prime factors of 10/4 + b - (-713)/62.
2, 3
Suppose -2*k + 5*d = -40 + 5, 0 = -4*k + 2*d + 30. Suppose m + k + 2 = 3*s, 3*s + m = 5. Suppose 182 = s*a - a. List the prime factors of a.
2, 7, 13
Suppose 165*x = 2728864 + 94176 + 6357890. List the prime factors of x.
2, 43, 647
Let a(g) = 14*g**2 - 11*g + 51. Suppose -2*n - z = -9, 2*z + z = 3*n - 27. What are the prime factors of a(n)?
3, 163
Let g(y) = -4*y**2 - 4*y + 2*y - 7*y**2 + 3*y**2 - 3. Let s be g(2). Let j = 53 + s. List the prime factors of j.
2, 7
Suppose -k + 2606 = 6*x - 4*x, -5*k = -3*x - 13004. What are the prime factors of k?
2, 1301
Let r = 116 - 95. Suppose -16*a = -r*a + 1915. List the prime factors of a.
383
Let s(c) = c - 13. Let t be s(22). Let v(l) = l**2 + 5*l + 35. Let x be v(t). Suppose x = j + 31. What are the prime factors of j?
2, 5, 13
Let z(t) = 9*t + 143. Let c = 56 - 27. What are the prime factors of z(c)?
2, 101
Suppose -4*y = -2*i - 88 + 322, 5*i = -4*y + 627. Suppose -3*x + 329 = 4*u, -3*u - x = -371 + i. List the prime factors of u.
83
Suppose 5*f - 5*c + 405 = 0, 0 = f - 6*f + 2*c - 408. Let k be (f*2/(-10))/((-3)/15). Let b = k + 124. List the prime factors of b.
2, 3, 7
Suppose -2 = x, 4*x = 3*g + 862 - 3558. Suppose -4*l - 2*h = -892, 2*l + h - g = -2*l. What are the prime factors of l?
3, 5
Let g be (-580)/(-3) + 1/(-3). Let s = -142 - -104. Let r = g + s. What are the prime factors of r?
5, 31
Let r(h) = -10*h + 4. Let d be r(-4). Suppose 2*w + w = 3*j - 36, w = 5*j - d. List the prime factors of j.
2
Suppose 2670 = 2*u + 398. Suppose 13*k = 9*k + u. Suppose 2*l - k = -82. What are the prime factors of l?
101
Let n(o) = -9*o - 32. Let p be (9/(-3) - -4)/((-1)/(-4)). Suppose 2*w + 27 = 3*k, -41 = w + 2*w - p*k. What are the prime factors of n(w)?
103
Suppose 2*f + 5*o - 92256 = 0, -106*f = -113*f + 4*o + 